5*t = -f + 1. What are the prime factors of o?
3
What are the prime factors of 6/(-6) + 179 - (0 - -3)?
5, 7
Suppose 3*p = 11 + 7. What are the prime factors of 4/6 + 176/p?
2, 3, 5
Suppose 0 = 5*c - 2*c - 15, 0 = -4*u - 4*c - 20. Let g = 1 - u. List the prime factors of g.
11
What are the prime factors of 22/33*93/2?
31
Suppose 0 = -n + 23 + 35. Let j = n - 32. What are the prime factors of j?
2, 13
Suppose -y = 4*y - 120. What are the prime factors of y?
2, 3
Let c = -7 - -12. Suppose 183 = c*b - 0*u - u, 0 = -5*b + 5*u + 195. List the prime factors of b.
2, 3
Suppose 7*n - 3*n - 8 = 0. Let w = 0 + n. What are the prime factors of (-4)/8 + 7/w?
3
Let h = 20 - 14. Let s(g) = -g**3 + 5*g**2 + 6*g + 2. What are the prime factors of s(h)?
2
Suppose 0*r - 6 = -2*r. Let d = r + -1. Suppose z = 3*p - 3, -d*p = 4*z - 6*z + 10. What are the prime factors of z?
3
List the prime factors of ((-91)/35 - -3) + (-143)/(-5).
29
Let v(a) = a - 1. Let o be v(2). Let p(z) = 13*z - 1. List the prime factors of p(o).
2, 3
Let i(k) = k**3 - k**2 - k - 1. Let y(j) = -6*j**3 + j + 4. Let w(u) = 3*i(u) + y(u). What are the prime factors of w(-2)?
17
Let p(o) = -o**3 + 6*o**2 - 5*o + 5. Let n(s) = -s**3 - 10*s**2 - 11*s - 13. Let f be n(-9). Let y be p(f). List the prime factors of ((-11)/2)/(y/(-10)).
11
Let p(g) = 3*g - 7. Let c be (-2)/(-1) + 9/3. What are the prime factors of p(c)?
2
Suppose 5*d + 3*y - 1119 = 0, -2*d + 3*y + 648 = 213. List the prime factors of d.
2, 3, 37
Let l(v) = -5*v + 6. Let z be l(-7). Let j = z - 13. List the prime factors of j.
2, 7
Suppose -5*c + 2*c = -2*s - 144, -126 = -3*c - 4*s. Let z be c/10 - 21/35. Suppose -u + z = -8. List the prime factors of u.
2, 3
Let t = 364 + -249. What are the prime factors of t?
5, 23
Let u = 14 - 17. Let f(d) = -2*d**3 - 4*d**2 - 2*d - 4. What are the prime factors of f(u)?
2, 5
Let c(o) = -3*o + 8. Let u be c(-8). Let t = u + -18. What are the prime factors of t?
2, 7
Suppose 18 - 6 = 4*i. Suppose i*s + 20 = 7*s, -4*s = 3*r - 32. What are the prime factors of r?
2
Let k be (-32)/(-10) - 1/5. Suppose -k*c + 3 = -3. What are the prime factors of c?
2
Suppose 4*y = -49 + 113. What are the prime factors of y?
2
Let z(d) = -d**2 + d. Let v(s) = s**3 + 7*s**2 - s + 2. Let g(t) = v(t) - 3*z(t). What are the prime factors of g(-10)?
2, 3, 7
Suppose -g - 4 + 1 = 0. Let s = g + 11. What are the prime factors of s?
2
Let j(o) = 7*o**2 - 6*o + 4. Let x(b) = 15*b**2 - 13*b + 9. Let f(q) = 13*j(q) - 6*x(q). List the prime factors of f(-4).
2, 7
Suppose 5*w = 35 + 20. Let x = 4 + w. List the prime factors of x.
3, 5
Suppose -3 = a - 4*i - 78, i + 255 = 4*a. Let b = 131 - a. Suppose -l + 3 + 1 = -2*p, -4*l = 5*p - b. List the prime factors of l.
2, 3
Suppose 34 = 3*v - 386. List the prime factors of v.
2, 5, 7
Suppose -3*s + 24 = -0*s. Let v(h) = 6*h - 10. List the prime factors of v(s).
2, 19
Let y(f) = -3*f**2 - 5*f**2 - 7*f + f**3 + 5*f**2 + 7 - 4*f**2. List the prime factors of y(8).
3, 5
List the prime factors of (-413)/(-28) - 2/(-8).
3, 5
Suppose 0 = -4*m + 12 + 4. Suppose -3*v + v + 5*n + 21 = 0, -4*n - 12 = 0. Suppose -15 = b - w - m*w, v*w = -b + 17. What are the prime factors of b?
5
Let n(x) = -x**3 + 9*x**2 - 4*x - 2. Let v be n(7). Suppose 0 = 5*r - 47 - v. What are the prime factors of r?
23
Suppose 16 = 5*k + 46. Let m = k + 9. List the prime factors of m.
3
Suppose -3*p + 83 = 5*j, j = -p - 3*p + 139. Let k = -12 + p. List the prime factors of k.
2, 3
Suppose 3*x + 2*v + 64 = 5*x, 4*x - 2*v - 118 = 0. Suppose 0 = -5*g - m + x, 4*m = -3*g + m + 21. Suppose -g = 2*t - 17. List the prime factors of t.
2, 3
Let p(z) = z**3 + 18. Suppose -d + 3*d = 0. What are the prime factors of p(d)?
2, 3
Suppose 4*x = 9*x - 40. What are the prime factors of x?
2
Let h(s) = 5*s - 7. Let o be h(7). Suppose 5*f - 36 = 4*j, -5*f + o = -j - j. Suppose -f*p + 60 = y, -p = p - 4*y - 12. What are the prime factors of p?
2, 7
List the prime factors of -1*6*13/(-2).
3, 13
Let b(q) = q**3 - 6*q**2 + 6*q - 4. Let f be b(5). Suppose -3*u - 10 = 5*p, -5 = 2*p - 3*u - f. What are the prime factors of (-195)/(-21) + p/7?
3
Suppose -2*c + 0 - 12 = 0. Let j(x) = -x - 3. List the prime factors of j(c).
3
Suppose 73 = 4*i + 237. Let l = i + 91. What are the prime factors of l?
2, 5
List the prime factors of (-132 + 0)/(48/(-32)).
2, 11
Let a(h) = 3 - h + 3*h**2 + 2*h + h**2. What are the prime factors of a(-2)?
17
Suppose 7*j - 2*j + 353 = 4*q, 4*q - 345 = -3*j. List the prime factors of q.
3, 29
Let p = 7 + -9. Let o be (-76)/(0 + p) - 3. List the prime factors of 152/10 - 7/o.
3, 5
Suppose 5*o = -0*o + 70. What are the prime factors of o?
2, 7
Let u(m) = -3*m - 2. Let l = 4 - 6. List the prime factors of u(l).
2
Suppose -7*f + 2*f = 1950. Let x be (8/20)/(1/f). What are the prime factors of (-4)/10 + x/(-15)?
2, 5
Let h = 192 + -138. What are the prime factors of h?
2, 3
Let a be -2 + 1 + (8 - 5). Suppose 26 = a*m - 4. What are the prime factors of m?
3, 5
Suppose 3*c + 1 - 13 = 0. Let a = 30 - 11. Suppose -c*i = -a - 17. What are the prime factors of i?
3
What are the prime factors of -1*(-5 - (-70)/(-2))?
2, 5
Suppose 5*p - 786 - 644 = 0. What are the prime factors of p?
2, 11, 13
Suppose 5*p - 15 = 5*t, -4*p - 2*t = 3 + 3. Let b = -2 + p. Let o(g) = -2*g**3 - 2*g**2 + g + 1. List the prime factors of o(b).
7
Suppose 4*o - 647 = 113. List the prime factors of o.
2, 5, 19
Suppose -3*b + 48 = -0*b. List the prime factors of b.
2
Let f = 14 + 106. What are the prime factors of f?
2, 3, 5
Let t = -45 - -86. What are the prime factors of t?
41
Let y(n) = -15*n - 12. List the prime factors of y(-4).
2, 3
Let a(d) = -d**3 + 12*d**2 - 8*d - 13. Let v = -9 + 13. Let s = 15 - v. What are the prime factors of a(s)?
2, 5
Suppose 4*q - 19 - 5 = 0. Suppose -25 = -k - q. What are the prime factors of k?
19
Let f be ((-3)/6 - -2)*22. Let h be (2 - f/3) + 3. Let m = h + 8. What are the prime factors of m?
2
Suppose 0 = u + 4*u + 2*f - 243, -3*f - 248 = -5*u. List the prime factors of u.
7
Let v be (-2 + 5 + -2)*-1. Let r be -1 - (-2 - -3)*v. Suppose -5*q + 13 + 7 = r. List the prime factors of q.
2
Let w = -17 - -26. Suppose -5*x + 3*f = -14, -2*f = 5*x - 3*f - 18. Suppose 29 - w = x*m. What are the prime factors of m?
5
Let y be (-312)/20 - (-4)/(-10). Let q = -10 - y. List the prime factors of q + (-2 - 0/(-1)).
2
Let q be 28*(0 - -1 - 0). List the prime factors of -3*(-8)/q*14.
2, 3
Suppose 0 = -2*k + 5*k. List the prime factors of k - -3 - (-6)/2.
2, 3
Let z(n) = -n + 3. Let s be ((-3)/(-1) + -3)/1. List the prime factors of z(s).
3
What are the prime factors of (18/5)/((-2)/(-5))?
3
Let f be ((-8)/6)/(1/9). Let u be (-64)/f + 2/3. List the prime factors of u/(-15) - (-104)/10.
2, 5
Let n = 38 + -13. List the prime factors of n.
5
Let l(y) = y**2 - 6*y - 5. What are the prime factors of l(-4)?
5, 7
Let w(y) = 6*y**2 - 1. Let c be w(1). Suppose 0*i + c*b = 4*i - 23, 0 = 4*i + 3*b - 63. List the prime factors of i.
2, 3
Let n = -33 + 20. Let t = -7 - n. List the prime factors of t.
2, 3
Suppose 6*r - 4*r = -6. Let k = r - -5. What are the prime factors of k?
2
What are the prime factors of (1/(-6)*-2)/(2/1866)?
311
Suppose 314 = -5*t - 4*x, -4*t - 276 = -0*x - 3*x. Let l = t - -93. List the prime factors of l.
3
Suppose 0 = 8*b - 86 - 42. List the prime factors of b.
2
Suppose 15*x - 192 = 11*x. What are the prime factors of x?
2, 3
Let w(o) = -4*o + 3. Let l(m) = -m**3 - 10*m**2 - 10*m - 3. Let x be l(-9). Let g be w(x). What are the prime factors of (-153)/g - (-4)/(-14)?
7
Let p(a) = -a + 2. Let h be p(2). List the prime factors of -1*(1 - h)*-34.
2, 17
Let t(l) = l - 3. Let d be (-1)/2*-14*1. What are the prime factors of t(d)?
2
Suppose 0 = f - u - 206, -828 = -f - 3*f + 2*u. List the prime factors of f.
2, 13
Let u = 8 + -14. Let y be (-2 + -2)*u/(-4). List the prime factors of y/(-15) + (-28)/(-5).
2, 3
Let c be ((-5)/(-2))/(3/42). Suppose 5*b = -0*b - c. Let a(t) = t**2 + 5*t - 6. What are the prime factors of a(b)?
2
Suppose -24 = m - 2*m. Suppose 20 = 3*u + 2*u, -w + m = 3*u. List the prime factors of w.
2, 3
Let t = 505 - 214. Let j = t + -206. Suppose p - j = -4*p. What are the prime factors of p?
17
Suppose 4*k - 184 = -4*k. List 